3*s = 4*u - 96, 3*u - 3*s - p = 0. What is the units digit of u?
4
Let l(y) = -y**2 + 12*y + 17. Let c be l(13). Suppose 0 = -k + c*z + 138 + 67, -4*z = -20. What is the tens digit of k?
2
Suppose -3*h + 2*b = -195, -h + 0*b - b = -65. Suppose 96*a - 1674 = h*a. What is the units digit of a?
4
Let l(q) = 168*q + 176. Let w be l(9). Suppose -7*y + 6147 = w. What is the tens digit of y?
3
Let h(t) = 1028*t**3 + 4*t**2 - 9*t + 8. What is the units digit of h(2)?
0
Let f = -24782 - -35737. What is the tens digit of f?
5
Let f = 500 + -500. Suppose f = 290*p - 306*p + 16480. What is the units digit of p?
0
What is the tens digit of 165797/15 + (-4)/(19/(228/360))?
5
Let q(m) = 25*m**2 - 11*m - 179. What is the units digit of q(28)?
3
Let h be ((-13 - -12) + 6)/((-2)/(-14)). What is the hundreds digit of (-35)/h*-353*2?
7
What is the thousands digit of 228852/24*(-16)/(-24)?
6
Suppose 12 = -3*h - 3. Let w = h - -15. Suppose 0 = -5*s + w*s - 300. What is the units digit of s?
0
Let n = -18 + 24. Suppose -n*r + 195 = -5*r. What is the tens digit of r?
9
Let t be -2*4/8 - 54. Let w = -47 - t. Let d = 49 - w. What is the tens digit of d?
4
Let s = 1166 + -129. Suppose 2*d + 2*f + f = s, 5*f = 2*d - 1013. What is the units digit of d?
4
Let t(s) = -s**2 + 19. Let m be t(-4). Suppose -m*k = i - 2*k - 355, -i = 3*k - 359. What is the tens digit of i?
5
Let j(p) = p - 10. Let l = -33 - -54. Let v be j(l). What is the units digit of ((-6)/16)/(v/(-88))?
3
Let i(h) = 1368*h + 11829. What is the ten thousands digit of i(18)?
3
Suppose -6*m = -43728 - 53637 - 47949. What is the thousands digit of m?
4
Let y(x) = -x**3 + 36*x**2 + 162*x - 57. Let o be y(40). Suppose o*p = 14*p + 1242. What is the units digit of p?
8
Let m(u) = u**2 + 9*u + 24. Let d be m(-5). What is the tens digit of (d/(-5))/(8/(-4620)*3)?
5
Suppose -2*a + 11 = -g - 26, 6 = a + 2*g. What is the units digit of 6*4/a*43*6?
7
Let j(o) = -o + 488. Let q be j(0). Suppose 3*c + 56 = q. What is the hundreds digit of c?
1
Let q = -481 + 765. Suppose 3*b = -3*r - 2*r + 331, -q = -4*r + 4*b. What is the units digit of r?
8
Suppose -16*z = -15*z - 2*t - 810, 4*z + 3*t = 3229. What is the units digit of z?
8
Let w(m) = 293*m - 50. Let p be w(8). Let y = p + -1367. What is the units digit of y?
7
Suppose 5*m - 4*o = -4638, m + 4*o = -o - 916. Let d = m + 1447. What is the units digit of d?
1
Let y(p) = 7*p + 1. Let z(s) = -7*s - 1. Let i(b) = 4*y(b) + 3*z(b). Let u be i(13). What is the tens digit of (u/8)/(3/18)?
6
Suppose -w - 9 = 19*r - 17*r, -4*r - 3*w - 15 = 0. What is the thousands digit of ((-144)/(-27))/(r/(-1395))?
1
Let v(i) = 1450*i**3 + 2*i**2 - 3*i. What is the units digit of v(2)?
2
Let d be (10 + -78)*(-2)/(-8). Let j(s) = -16*s + 2. What is the tens digit of j(d)?
7
Let j(a) = -4*a - 65. Let g be j(9). Suppose 3*u = 2*o - 44 - 38, 2*u + 3*o + 33 = 0. Let m = u - g. What is the tens digit of m?
7
Suppose 0 = s + 62 - 217. Suppose 154*i - s*i + 818 = 0. What is the units digit of i?
8
Let a be (6/9*2)/((-8)/12). Let c(y) = 231*y + 40. Let n(d) = 46*d + 8. Let g(v) = a*c(v) + 11*n(v). What is the units digit of g(3)?
0
Let l(g) = -21*g - 87. Let r be l(-18). Let c = -29 + r. What is the tens digit of c?
6
Let j(p) = p**2 + 5*p + 19. Let z(f) = -2*f**2 - 11*f - 39. Let d(t) = -7*j(t) - 4*z(t). Let k be d(-8). Suppose -x + k + 33 = 0. What is the units digit of x?
8
What is the ten thousands digit of ((-38)/2)/(25239/1803 + -14)?
1
Suppose -3*s - 3*p - 2*p - 17 = 0, 3*p + 55 = -5*s. Suppose 62*u + 3696 = -22*u. Let f = s - u. What is the tens digit of f?
3
What is the units digit of (-63 - 19 - 3)*(-2458)/10?
3
Let g be (3/6)/(10/40) - -253. Let v = g + -82. What is the tens digit of v?
7
Let g(j) = 4*j - 39. Suppose -5 = 8*u - 9*u + 5*o, 3*u = -4*o + 34. What is the units digit of g(u)?
1
Let h(g) be the first derivative of g**5/20 - g**4/8 + g**3 + 15*g**2/2 + 18. Let u(c) be the second derivative of h(c). What is the tens digit of u(4)?
4
Let h(g) = 7*g - 10. Let t be h(15). What is the units digit of 48336/t + 2/10?
9
Suppose 0 = 5*a + 4*d - 50294, 16*a + 4*d + 30202 = 19*a. What is the ten thousands digit of a?
1
Let r = 6148 + -4237. What is the units digit of r?
1
Let d be (4/6)/(-2*(-1)/1926). Suppose 3*t = -3*m + d, -3*t + 104 + 537 = 4*m. Suppose -3*k = 2*s - t, 5*s - 515 = -4*k + k. What is the tens digit of s?
0
Let m(d) = 2*d - 8. Let j be m(5). Suppose 355 = 5*n - 2*l, -j*l + 7 = -2*n + 149. What is the units digit of n?
1
Suppose -2*t = 4*r - 8134, 23*t = 3*r + 20*t - 6087. What is the tens digit of r?
3
Let t(y) = y**3 - 8*y**2 - 7*y + 25. Let g = 143 + -131. What is the hundreds digit of t(g)?
5
What is the hundreds digit of (-358 + -2)/6*(-128)/24?
3
Let v(i) be the second derivative of 25*i**3/3 + 91*i**2/2 - 112*i + 1. What is the tens digit of v(20)?
9
Let l(x) = -322*x**3 - x**2 - 6*x - 8. What is the hundreds digit of l(-2)?
5
Let s = -8204 - -15760. What is the tens digit of s?
5
Let f = 54422 + -37845. What is the ten thousands digit of f?
1
Suppose 694 = -6*l - 1376. What is the thousands digit of (-3)/(l/140885) - (-6)/(-69)?
1
Let h be 44/10 + (-54)/(-90). Let a = 3 + h. Suppose 0 = 3*r - n + 4*n - 18, -n - a = -r. What is the units digit of r?
7
Let m(x) = 9*x + 33. Let c be m(-6). What is the hundreds digit of (7/c)/(2/(-906))?
1
Suppose -70*y = -74*y + 1544. Suppose -8*n - 3*g = -4*n - 298, -5*n + 3*g + y = 0. Suppose a - 66 = -2*v + n, 3*a - 466 = 2*v. What is the hundreds digit of a?
1
Let g = -96 + 82. Let c = -54 - g. Let x = c + 49. What is the units digit of x?
9
Let u = -10 + 65. Let v = u + -63. Let l(c) = -18*c + 30. What is the tens digit of l(v)?
7
Suppose 27*k = 18*k + 3627. Suppose -a + k = -148. What is the tens digit of a?
5
Let o be 819/2*(-6)/9. Suppose -11 + 3 = 4*g. What is the tens digit of o/(-6) + (-1)/g?
4
Let a(q) = q**2 - 5*q - 2303. What is the tens digit of a(-128)?
2
What is the ten thousands digit of -1 - -37256 - (68/187 + 104/(-44))?
3
What is the thousands digit of 440316/8 - (-17)/((-238)/(-21))?
5
Suppose 0 = -3*z + 9 + 114. Suppose 2*u - 246 = 41*o - 38*o, 0 = 3*o + 5*u + 267. Let p = z - o. What is the tens digit of p?
2
Let d be ((-64)/(-8))/(-32) - (-1954)/8. Suppose 6*p + 4*z - d = 3*p, -4*z + 76 = p. What is the units digit of p?
4
Suppose -5*i = -9*v + 8*v - 175490, 5*i = -2*v + 175505. What is the thousands digit of i?
5
Let k = 24993 - 15212. What is the hundreds digit of k?
7
Suppose 2*z = -5*t - 0*t + 6158, -t - 12338 = -4*z. What is the units digit of z?
4
Suppose 74*q = 12*q + 371690. Suppose n - a - 705 - 795 = 0, -4*n = -5*a - q. What is the tens digit of n?
0
Let i = 96 - 91. Suppose i*b - 279 = -3*s, -4*b - 7*s + 224 = -5*s. What is the tens digit of b?
5
Let j(p) = -29*p. Let a be j(-1). Let w be ((-5106)/(-92))/((-30)/(-8) - 3). Suppose -w = -b + a. What is the hundreds digit of b?
1
Let d(g) = 31*g**3 - 2*g**2 - 27*g**3 + 4 - 32*g + 4*g**2. What is the units digit of d(6)?
8
Suppose -2*i - 2450 = -442. Let d = 2203 + i. What is the units digit of d?
9
Let z be 961*(-8 - -7) - -6. Let p = z + 1467. What is the units digit of p?
2
Let x(n) = -2*n - 32. Suppose -g - 4*g = -2*r - 8, 5*r = 4*g - 20. Suppose g*t = 5*t - 20, -5*u = -2*t + 113. What is the units digit of x(u)?
0
Let q = -63 - -65. Suppose 15 = 3*v + 2*a + 2*a, -5*v = q*a - 25. Suppose -3*d + 266 = k, -v*d - 2*k + 429 + 15 = 0. What is the units digit of d?
8
What is the ten thousands digit of ((-95)/(-4))/(93/68076)?
1
Suppose 2*b - 27*m + 25*m = 123194, -2*b = 4*m - 123188. Suppose -40*z - b = -76*z. What is the units digit of z?
1
Suppose 0 = v - 4*u - 20608 - 2721, 3*u = -18. What is the tens digit of v?
0
Let l be ((-38)/(-57))/(2/(-6)). What is the tens digit of ((6 + 1)/21)/(l/(-132))?
2
Suppose r + 8*l - 6*l - 8 = 0, -r + 4*l = -26. Suppose r*n - 1412 - 2 = 0. What is the hundreds digit of n?
1
Let a(k) = 2685*k - 5919. What is the tens digit of a(12)?
0
Let k be 1*4 + 0 + 3. Let r(o) = 7*o - 4*o + 14*o + o + k. What is the tens digit of r(6)?
1
Suppose 5*a - 3*p - 83 = -7*p, 0 = a + 5*p - 25. Let c(j) = -j**3 + 17*j**2 - 35. What is the hundreds digit of c(a)?
4
Suppose 0 = -r - 2*g + 30094 + 11600, -3*g + 208414 = 5*r. What is the tens dig